660356.
2, 165089
What are the prime factors of 1186535?
5, 7, 29, 167
What are the prime factors of 7059307?
7059307
What are the prime factors of 347929?
347929
What are the prime factors of 12370939?
7, 379, 4663
What are the prime factors of 168272?
2, 13, 809
What are the prime factors of 439917?
3, 146639
What are the prime factors of 3196377?
3, 53, 6701
List the prime factors of 3021726.
2, 3, 503621
What are the prime factors of 7647849?
3, 11, 67, 1153
What are the prime factors of 1597311?
3, 19, 9341
List the prime factors of 193946.
2, 96973
What are the prime factors of 172934?
2, 86467
What are the prime factors of 366991?
41, 8951
What are the prime factors of 5753973?
3, 17, 257, 439
What are the prime factors of 2961198?
2, 3, 677
List the prime factors of 9679960.
2, 5, 139, 1741
What are the prime factors of 7015719?
3, 97, 24109
List the prime factors of 768930.
2, 3, 5, 19, 71
What are the prime factors of 16798466?
2, 31, 43, 6301
What are the prime factors of 25309780?
2, 5, 107, 11827
List the prime factors of 211470.
2, 3, 5, 7, 19, 53
What are the prime factors of 1236727?
1236727
List the prime factors of 160750.
2, 5, 643
What are the prime factors of 2665085?
5, 373, 1429
What are the prime factors of 801514?
2, 7, 57251
What are the prime factors of 1779682?
2, 293, 3037
What are the prime factors of 5042593?
1087, 4639
What are the prime factors of 287294?
2, 7, 20521
What are the prime factors of 3423639?
3, 499, 2287
List the prime factors of 12817218.
2, 3, 17, 125659
List the prime factors of 1193338.
2, 596669
What are the prime factors of 4364089?
23, 189743
List the prime factors of 139199.
139199
What are the prime factors of 2101313?
2101313
What are the prime factors of 137166?
2, 3, 22861
List the prime factors of 123943.
41, 3023
List the prime factors of 4963518.
2, 3, 7, 1459
What are the prime factors of 192756?
2, 3, 16063
List the prime factors of 3290489.
43, 59, 1297
What are the prime factors of 4748130?
2, 3, 5, 52757
What are the prime factors of 10774083?
3, 19, 189019
List the prime factors of 1177305.
3, 5, 78487
What are the prime factors of 1153003?
67, 17209
What are the prime factors of 7452438?
2, 3, 7, 191, 929
What are the prime factors of 7634304?
2, 3, 47
What are the prime factors of 9919695?
3, 5, 239, 2767
List the prime factors of 267579.
3, 13, 2287
What are the prime factors of 16310338?
2, 11, 643, 1153
What are the prime factors of 5692325?
5, 227693
What are the prime factors of 794351?
23, 34537
What are the prime factors of 1369104?
2, 3, 11, 2593
What are the prime factors of 84036?
2, 3, 47, 149
What are the prime factors of 753298?
2, 7, 13, 4139
List the prime factors of 231194.
2, 115597
List the prime factors of 2918312.
2, 227, 1607
What are the prime factors of 6187547?
37, 89, 1879
List the prime factors of 245446.
2, 17, 7219
List the prime factors of 3582177.
3, 1194059
What are the prime factors of 5025651?
3, 1675217
List the prime factors of 125089.
67, 1867
List the prime factors of 553235.
5, 110647
What are the prime factors of 34150?
2, 5, 683
List the prime factors of 19507147.
11, 1773377
List the prime factors of 1807940.
2, 5, 90397
What are the prime factors of 9516264?
2, 3, 19, 41, 509
List the prime factors of 31225.
5, 1249
What are the prime factors of 40350?
2, 3, 5, 269
What are the prime factors of 1529352?
2, 3, 11, 1931
What are the prime factors of 18657501?
3, 41, 151687
List the prime factors of 214651.
214651
List the prime factors of 15254202.
2, 3, 17, 149551
What are the prime factors of 8207596?
2, 23, 89213
What are the prime factors of 35824478?
2, 23, 778793
What are the prime factors of 6498987?
3, 11, 29, 6791
What are the prime factors of 1515153?
3, 505051
List the prime factors of 230720.
2, 5, 7, 103
What are the prime factors of 9712883?
29, 43, 7789
List the prime factors of 53443.
13, 4111
What are the prime factors of 5144008?
2, 61, 83, 127
List the prime factors of 746377.
19, 163, 241
List the prime factors of 570799.
37, 15427
List the prime factors of 847368.
2, 3, 3923
What are the prime factors of 221049?
3, 2729
What are the prime factors of 11973375?
3, 5, 29, 367
What are the prime factors of 297630?
2, 3, 5, 3307
What are the prime factors of 206410?
2, 5, 20641
List the prime factors of 4419029.
97, 45557
What are the prime factors of 303466?
2, 151733
List the prime factors of 1597415.
5, 319483
List the prime factors of 92049.
3, 61, 503
What are the prime factors of 400849?
400849
What are the prime factors of 267712?
2, 47, 89
What are the prime factors of 1465473?
3, 179, 2729
What are the prime factors of 3078152?
2, 7, 11, 19, 263
List the prime factors of 18633875.
5, 13, 11467
List the prime factors of 1413065.
5, 41, 61, 113
What are the prime factors of 1979250?
2, 3, 5, 7, 13, 29
List the prime factors of 1604876.
2, 7, 13, 4409
List the prime factors of 333660.
2, 3, 5, 67, 83
What are the prime factors of 9459105?
3, 5, 630607
List the prime factors of 16509352.
2, 29, 71161
List the prime factors of 373319.
577, 647
What are the prime factors of 419171?
419171
What are the prime factors of 427472?
2, 26717
List the prime factors of 41404260.
2, 3, 5, 41, 16831
List the prime factors of 6565000.
2, 5, 13, 101
List the prime factors of 87760.
2, 5, 1097
What are the prime factors of 447282?
2, 3, 11, 251
List the prime factors of 1793715.
3, 5, 7, 11, 1553
List the prime factors of 719480.
2, 5, 17987
What are the prime factors of 536369?
59, 9091
What are the prime factors of 10946214?
2, 3, 608123
List the prime factors of 26031008.
2, 191, 4259
What are the prime factors of 3832697?
11, 23, 15149
List the prime factors of 19288.
2, 2411
List the prime factors of 3565931.
3565931
List the prime factors of 544012.
2, 7, 19429
List the prime factors of 2090127.
3, 13, 53593
What are the prime factors of 77837?
277, 281
List the prime factors of 118761.
3, 31, 1277
What are the prime factors of 293761?
13, 59, 383
What are the prime factors of 806498?
2, 7, 11, 5237
What are the prime factors of 10897029?
3, 11, 13, 8467
What are the prime factors of 2424268?
2, 7, 11, 17, 463
List the prime factors of 2058393.
3, 686131
What are the prime factors of 2059973?
2059973
What are the prime factors of 1402698?
2, 3, 11, 53, 401
List the prime factors of 544008.
2, 3, 19, 1193
What are the prime factors of 591796?
2, 147949
What are the prime factors of 262000?
2, 5, 131
List the prime factors of 1209548.
2, 127, 2381
What are the prime factors of 2587338?
2, 3, 13, 11057
List the prime factors of 1236389.
7, 11, 16057
What are the prime factors of 134910?
2, 3, 5, 1499
What are the prime factors of 537485?
5, 13, 8269
List the prime factors of 2250298.
2, 73, 15413
List the prime factors of 2758272.
2, 3, 11, 653
What are the prime factors of 48400?
2, 5, 11
List the prime factors of 157717.
7, 22531
List the prime factors of 9559950.
2, 3, 5, 17, 23, 163
What are the prime factors of 550931?
73, 7547
List the prime factors of 1195567.
1195567
What are the prime factors of 124352?
2, 29, 67
List the prime factors of 5003837.
5003837
List the prime factors of 16320034.
2, 17, 37, 12973
List the prime factors of 2880044.
2, 71, 10141
List the prime factors of 22598308.
2, 29, 194813
What are the prime factors of 428872?
2, 53609
List the prime factors of 399832.
2, 23, 41, 53
List the prime factors of 203404.
2, 211, 241
What are the prime factors of 10263401?
19, 540179
What are the prime factors of 2541786?
2, 3, 13, 32587
List the prime factors of 9901503.
3, 1100167
What are the prime factors of 17397484?
2, 13, 157, 2131
What are the prime factors of 111858?
2, 3, 103, 181
What are the prime factors of 3110342?
2, 41, 83, 457
What are the prime factors of 458906?
2, 7, 32779
What are the prime factors of 138360?
2, 3, 5, 1153
What are the prime factors of 337160?
2, 5, 8429
What are the prime factors of 13865562?
2, 3, 770309
What are the prime factors of 2101195?
5, 29, 43, 337
List the prime factors of 52404.
2, 3, 11, 397
List the prime factors of 3621161.
41, 88321
List the prime factors of 115655.
5, 23131
What are the prime factors of 963868?
2, 240967
What are the prime factors of 